inder when 714398 is divided by 188.
186
What is the remainder when 6096 is divided by 169?
12
What is the remainder when 10875 is divided by 306?
165
Calculate the remainder when 2876 is divided by 17.
3
What is the remainder when 11289 is divided by 171?
3
Calculate the remainder when 45532 is divided by 54.
10
What is the remainder when 24401 is divided by 49?
48
Calculate the remainder when 297275 is divided by 797.
791
What is the remainder when 22212 is divided by 101?
93
What is the remainder when 2140 is divided by 1728?
412
What is the remainder when 2301 is divided by 756?
33
Calculate the remainder when 11262 is divided by 627.
603
What is the remainder when 17774 is divided by 8749?
276
Calculate the remainder when 24289 is divided by 15.
4
Calculate the remainder when 86594 is divided by 51.
47
What is the remainder when 4301 is divided by 1431?
8
Calculate the remainder when 497575 is divided by 4.
3
Calculate the remainder when 488247 is divided by 875.
872
Calculate the remainder when 1011542 is divided by 984.
974
Calculate the remainder when 21352 is divided by 63.
58
What is the remainder when 1101031 is divided by 601?
600
Calculate the remainder when 20528 is divided by 1272.
176
What is the remainder when 4931 is divided by 277?
222
What is the remainder when 2916 is divided by 23?
18
Calculate the remainder when 18152 is divided by 1002.
116
Calculate the remainder when 35417 is divided by 110.
107
What is the remainder when 6323 is divided by 6293?
30
Calculate the remainder when 13039 is divided by 12613.
426
Calculate the remainder when 56405 is divided by 18801.
2
What is the remainder when 10026 is divided by 2977?
1095
What is the remainder when 118133 is divided by 201?
146
Calculate the remainder when 4864 is divided by 4778.
86
What is the remainder when 190014 is divided by 1367?
1
Calculate the remainder when 393809 is divided by 196902.
5
Calculate the remainder when 2072 is divided by 177.
125
What is the remainder when 855507 is divided by 34?
33
Calculate the remainder when 3324 is divided by 175.
174
Calculate the remainder when 9745 is divided by 33.
10
What is the remainder when 8572 is divided by 451?
3
Calculate the remainder when 2238621 is divided by 28.
21
Calculate the remainder when 24578 is divided by 120.
98
What is the remainder when 51475 is divided by 25726?
23
What is the remainder when 17747 is divided by 8779?
189
What is the remainder when 52358 is divided by 34?
32
What is the remainder when 454633 is divided by 8419?
7
What is the remainder when 63743 is divided by 66?
53
Calculate the remainder when 40630 is divided by 156.
70
What is the remainder when 3537 is divided by 43?
11
Calculate the remainder when 148499 is divided by 233.
78
What is the remainder when 1963 is divided by 206?
109
What is the remainder when 17586 is divided by 8765?
56
What is the remainder when 9772 is divided by 1977?
1864
What is the remainder when 1124132 is divided by 156?
152
Calculate the remainder when 313 is divided by 41.
26
Calculate the remainder when 10150 is divided by 9639.
511
What is the remainder when 10219 is divided by 20?
19
What is the remainder when 10059 is divided by 3218?
405
Calculate the remainder when 91134 is divided by 231.
120
What is the remainder when 4990 is divided by 23?
22
Calculate the remainder when 2127 is divided by 995.
137
What is the remainder when 78551 is divided by 14?
11
What is the remainder when 1959 is divided by 62?
37
What is the remainder when 1178 is divided by 405?
368
Calculate the remainder when 763807 is divided by 7344.
31
Calculate the remainder when 45124 is divided by 56.
44
What is the remainder when 21855 is divided by 1676?
67
Calculate the remainder when 18541 is divided by 9251.
39
Calculate the remainder when 1392 is divided by 95.
62
Calculate the remainder when 6757 is divided by 227.
174
Calculate the remainder when 80069 is divided by 34.
33
What is the remainder when 2863 is divided by 126?
91
Calculate the remainder when 5556 is divided by 56.
12
Calculate the remainder when 159807 is divided by 3.
0
Calculate the remainder when 200398 is divided by 200.
198
Calculate the remainder when 3595 is divided by 3589.
6
What is the remainder when 1017 is divided by 312?
81
What is the remainder when 2206018 is divided by 735331?
25
What is the remainder when 118543 is divided by 395?
43
What is the remainder when 13199 is divided by 20?
19
Calculate the remainder when 166406 is divided by 451.
438
Calculate the remainder when 1252259 is divided by 270.
269
Calculate the remainder when 1839 is divided by 188.
147
Calculate the remainder when 482814 is divided by 92.
90
What is the remainder when 794532 is divided by 147?
144
Calculate the remainder when 71340 is divided by 1428.
1368
What is the remainder when 2800 is divided by 46?
40
Calculate the remainder when 473841 is divided by 3617.
14
Calculate the remainder when 7045 is divided by 305.
30
Calculate the remainder when 17839 is divided by 5900.
139
Calculate the remainder when 123996 is divided by 54.
12
What is the remainder when 7755 is divided by 2579?
18
What is the remainder when 126055 is divided by 63?
55
Calculate the remainder when 633 is divided by 304.
25
Calculate the remainder when 2093 is divided by 202.
73
Calculate the remainder when 9120 is divided by 28.
20
What is the remainder when 142305 is divided by 201?
198
Calculate the remainder when 9269 is divided by 488.
485
What is the remainder when 353942 is divided by 151?
149
Calculate the remainder when 1301 is divided by 1022.
279
What is the remainder when 58017 is divided by 12?
9
Calculate the remainder when 1013 is divided by 978.
35
Calculate the remainder when 558 is divided by 55.
8
What is the remainder when 4276 is divided by 151?
48
Calculate the remainder when 10296 is divided by 576.
504
Calculate the remainder when 17590 is divided by 153.
148
What is the remainder when 3613 is divided by 80?
13
What is the remainder when 154185 is divided by 5930?
5
Calculate the remainder when 389 is divided by 260.
129
What is the remainder when 476116 is divided by 9?
7
Calculate the remainder when 65406 is divided by 2973.
0
What is the remainder when 102280 is divided by 25565?
20
Calculate the remainder when 39396 is divided by 625.
21
What is the remainder when 259709 is divided by 91?
86
Calculate the remainder when 3196 is divided by 1040.
76
What is the remainder when 777966 is divided by 111138?
0
Calculate the remainder when 38599 is divided by 34.
9
Calculate the remainder when 10655 is divided by 288.
287
What is the remainder when 128937 is divided by 9?
3
Calculate the remainder when 7781 is divided by 2546.
143
Calculate the remainder when 788 is divided by 250.
38
Calculate the remainder when 18630 is divided by 396.
18
What is the remainder when 21496 is divided by 7?
6
Calculate the remainder when 76718 is divided by 112.
110
What is the remainder when 19181 is divided by 538?
351
What is the remainder when 282 is divided by 6?
0
Calculate the remainder when 8209 is divided by 1030.
999
What is the remainder when 11336 is divided by 336?
248
Calculate the remainder when 4653 is divided by 64.
45
Calculate the remainder when 5096 is divided by 51.
47
What is the remainder when 26428 is divided by 26420?
8
What is the remainder when 276297 is divided by 300?
297
What is the remainder when 9970 is divided by 145?
110
Calculate the remainder when 54944 is divided by 29.
18
Calculate the remainder when 2158033 is divided by 205.
203
What is the remainder when 457245 is divided by 65320?
5
Calculate the remainder when 910433 is divided by 1113.
1112
What is the remainder when 419456 is divided by 17?
15
What is the remainder when 242880 is divided by 1135?
1125
Calculate the remainder when 18499 is divided by 1559.
1350
What is the remainder when 4393 is divided by 205?
88
What is the remainder when 13726 is divided by 33?
31
Calculate the remainder when 62132 is divided by 1384.
1236
What is the remainder when 146514 is divided by 245?
4
Calculate the remainder when 120488 is divided by 40156.
20
What is the remainder when 1454 is divided by 8?
6
What is the remainder when 258 is divided by 181?
77
